 15*b**2 + 13*b + 17. Let o(m) = 6*m - 24*m**2 + 8 - m**3 - 17*m**2 + 33*m**2. Let d(f) = -3*n(f) + 5*o(f). List the prime factors of d(-6).
7
Suppose -58858 - 72277 = -99*n - 26888. List the prime factors of n.
3, 13
Suppose 799258 = 111*f + 43*f - 1928544. List the prime factors of f.
17713
Let z(q) = q**3 + 29*q**2 + 37*q - 6. Let i be z(-28). Let m = i - -284. What are the prime factors of m?
2, 13
Let h(s) be the third derivative of -s**6/120 - s**5/10 - 3*s**4/8 - 8*s**3/3 + 27*s**2. Let k be h(-5). Suppose -k*y + 110 = y. List the prime factors of y.
2, 11
Suppose -27*f - 25*f = -81432. Let a = f - 1051. What are the prime factors of a?
5, 103
List the prime factors of 5197/(3 - 7 - (-5 - 0)).
5197
Let w = 4784 - 1398. List the prime factors of w.
2, 1693
What are the prime factors of 8537 + 3*(3 + (-40)/12) + 1?
8537
List the prime factors of 13*10*(-60174)/(-1170).
2, 3343
Let l(o) = -4*o + 30. Suppose -4*r + 18 = -3*n, 4*r - 25 = 4*n - r. Let q be l(n). Suppose -3*c - 28 + q = 0. What are the prime factors of c?
2, 7
Let z be (-2 - (3 + 0))*1. What are the prime factors of (-6464)/(-40)*z/(-1)?
2, 101
Let f be 8/28 + (-712)/(-56). Suppose -45*q + f*q = -4672. What are the prime factors of q?
2, 73
Let w be ((-3)/(-2))/((-12)/720). Let j = 388 - w. List the prime factors of j.
2, 239
Suppose 101*a = -94*a + 180*a + 1205820. What are the prime factors of a?
2, 3, 7, 11, 29
Suppose 41*v - 231702 = 629175. What are the prime factors of v?
3, 2333
Suppose 0 = 52*d - 56*d + 5112. Suppose 5*l - 5*j + 888 = 2448, 2*j = -4*l + d. List the prime factors of l.
317
Let l = -17 + 2. Let a be 1581/5 - (-3)/l. Suppose a = -6*r + 10*r. What are the prime factors of r?
79
Let p be 2705 - ((1 - -3) + -3 + 4). Suppose 29*x - p = 11*x. List the prime factors of x.
2, 3, 5
Let u(s) = -13*s + 314. Let q be u(23). Suppose i + 124 = -5*w + w, 0 = -5*i + 20. List the prime factors of (q - w) + (2 + -1 - -1).
7
List the prime factors of (-1147)/(1 - 2) + (-528)/(-132).
1151
What are the prime factors of (2176 + -1)*((-18)/1 - (-32487)/1071)?
5, 29, 37
Let r = -1100 + 7711. List the prime factors of r.
11, 601
Suppose 4*c - 1 = 71. Let r = c + -16. Suppose r*i + 120 = 6*i. What are the prime factors of i?
2, 3, 5
Let b(m) = -m**3 + 4*m**2 + 40*m + 434. What are the prime factors of b(-20)?
2, 3, 19
Suppose 0 = 4*l + 3*v - 15441, -42*v + 7720 = 2*l - 40*v. What are the prime factors of l?
3, 11, 13
List the prime factors of 42/(-12) - (3 - 7) - (-16709)/2.
3, 5, 557
Let f = 47 - 1. Suppose -2*v - 2*i = -80, -v - 5*i + f = 10. List the prime factors of v - (1 + (1 - 3)).
2, 3, 7
List the prime factors of 1431586/156 + 3/18.
3, 7, 19, 23
Let w(b) = -11*b**3 - 14*b**2 - 62*b - 356. List the prime factors of w(-9).
19, 373
Let z(h) = 20576*h**3 - 2*h**2 - 43*h + 45. What are the prime factors of z(1)?
2, 643
What are the prime factors of (-44)/(1 - 5) + 1366?
3, 17
Let d(c) = -2*c**3 + 57*c**2 - 53*c + 1. What are the prime factors of d(23)?
43, 107
Suppose 3*s + 32*s = 175. Suppose 3*f + 0*f = -2*p + 1889, -p + s*f + 977 = 0. List the prime factors of p.
2, 7, 17
Suppose 3*u + 1322 = -1912. Let r = -543 - u. List the prime factors of r.
5, 107
Suppose m + 3*c - 8247 = -2*m, -4*c = -4*m + 11012. Suppose 10*o - 621 + m = 0. List the prime factors of -2 - (-7)/((-7)/o).
211
Let h = -102626 - -162632. What are the prime factors of h?
2, 3, 73, 137
Suppose 22*r + 19286 = 31*r - 50536. List the prime factors of r.
2, 3, 431
Let y(h) = h**2 + h + 11. Let o be y(-8). Suppose 8*s - o - 53 = 0. What are the prime factors of s?
3, 5
Let a(s) be the third derivative of s**5/60 - 19*s**4/24 + 9*s**3 + 7*s**2. Let f be a(16). List the prime factors of (-3)/1*(-8)/3*f.
2, 3
Let f(u) = -2*u**3 + 4*u**2 - 3*u - 2. Let s be f(4). Let c = 79 + s. What are the prime factors of -37 - -34 - (-170 - (-1 + c))?
167
Suppose -3*u = -5*q + 5630, -2*q + 5*u - 317 = -2550. Suppose 3409 = 3*v - 8*m + 3*m, 0 = v + 2*m - q. List the prime factors of v.
11, 103
List the prime factors of ((-69785)/(-255))/(4/2 + 682/(-342)).
3, 19, 821
Let d = -16 + 6. Let z(y) = -45*y - 13. What are the prime factors of z(d)?
19, 23
Suppose 21464 = 2*s - 2*y, -s + 8659 = -4*y - 2091. List the prime factors of s.
2, 31, 173
Let j = 63039 + -39928. List the prime factors of j.
11, 191
Let t(d) = -d**3 - 25*d**2 - 27*d - 154. List the prime factors of t(-26).
2, 3, 17
Let f = 27 - 22. Let o(q) = 76*q - 132. What are the prime factors of o(f)?
2, 31
Let i(k) = 99*k**3 - 2*k**2 + k. Let z(q) = q + 12. Let g be z(-11). Let c be i(g). Let o = -58 + c. What are the prime factors of o?
2, 5
Suppose 5861 + 3375 = 48*v - 13132. List the prime factors of v.
2, 233
Let i be (-50)/(2/1)*220/275. Suppose 3*s - 40 + 625 = 0. What are the prime factors of 2/8 + s/i?
2, 5
Let p = -562 + 570. Suppose -p*z + 4*z = -d + 373, z = 4*d - 1462. What are the prime factors of d?
5, 73
Suppose 74*s - 158338 = 57*s. List the prime factors of s.
2, 4657
Suppose 0 = 5*q + 3*x - 5649, -1129 = 26*q - 27*q - x. List the prime factors of q.
3, 13, 29
Let l = 139340 + -88560. What are the prime factors of l?
2, 5, 2539
Suppose -10*n + 5*n + 15427 = 3*r, r = 4*n + 5114. List the prime factors of r.
2, 17, 151
List the prime factors of (-11 - (-777645)/(-30))*(-18)/15.
3, 11, 23, 41
List the prime factors of (-10750025)/(-429) + (-8)/6.
25057
Let r = 1227 + 5951. List the prime factors of r.
2, 37, 97
Suppose -45*s + 4*s + 348213 = 0. What are the prime factors of s?
3, 19, 149
Suppose 2*k - 3*a = -6*a + 1449, 5*k + 2*a = 3628. Suppose 3*q - s - k = -140, -5*q = 2*s - 995. What are the prime factors of q?
197
Let f(w) = 1335*w + 37. What are the prime factors of f(7)?
2, 4691
Suppose -1219 = 3*x - 5*s + 1260, 0 = 4*x - 5*s + 3307. Let m = 951 + x. What are the prime factors of m?
3, 41
Let s = 9699 + -3042. List the prime factors of s.
3, 7, 317
Let p(g) = 24*g**2 + 56*g - 114. Let u(s) = 5*s**2 + 11*s - 23. Let z(w) = -2*p(w) + 11*u(w). What are the prime factors of z(9)?
7, 89
Let y(c) = -6721*c**3 + 4*c**2 + 4*c. What are the prime factors of y(-1)?
11, 13, 47
Suppose -4*r + 44429 = -5*n, 871*n - 875*n - 55543 = -5*r. List the prime factors of r.
41, 271
Suppose -4*u + 2*l = -231598, 0 = -3*u - 54*l + 53*l + 173701. List the prime factors of u.
2, 3, 5, 193
Let k be 55/25 + 1/((-10)/(-8)). Suppose 4947 = k*x - 2*s, 8245 = 5*x + 4*s + s. What are the prime factors of x?
17, 97
Suppose 0 = -423*c + 3026363 - 210254 - 485379. List the prime factors of c.
2, 5, 19, 29
Let j be (27/(-4))/(3/(-8)). Let p be 6/j + (-34)/(-6). Suppose -9*m = -p*m - 276. List the prime factors of m.
2, 23
Let k(l) = -l**3 + 2*l**2 + 15*l - 1. Let s be k(5). Let i be (-254)/8 + 6/8. List the prime factors of 138 + i + -1*1 + s.
3, 5, 7
Suppose 5*a + 4*z - 4640 = 0, 4*z = -2*a + a + 928. Let x = a - 532. List the prime factors of x.
2, 3, 11
Let s = -118 - -166. Let m = 55 - s. Let b(d) = 27*d - 26. List the prime factors of b(m).
163
Suppose -2*o + 2 = 2*b - 0, 3*o - 7 = -5*b. Let d be 1/((-4)/8) - b. Let a(t) = -9*t + 1. List the prime factors of a(d).
37
Let i = 1534 + -1026. Suppose 2*l - k - i = 0, 4*l = 4*k + 945 + 63. List the prime factors of l.
2
Suppose -8*i = 25*i - 2706. Suppose -i*d + 71*d + 253 = 0. What are the prime factors of d?
23
Let l = 15389 - 14752. What are the prime factors of l?
7, 13
Let c = 128 + -132. List the prime factors of (-718)/((-2)/c*-2).
2, 359
Let j = -2386 - -2637. What are the prime factors of j?
251
Suppose 118233 - 156 = 25*h - 86848. List the prime factors of h.
7, 1171
Suppose 0 = 3*v - 4*b - 18568, -b = -3*v - 0*v + 18565. List the prime factors of v.
2, 7, 13, 17
Let p(t) = 240*t**2 - 83*t - 857. What are the prime factors of p(-9)?
2, 5, 1933
Let y(j) be the first derivative of -j**4/4 + 2*j**3 - j**2/2 + 7*j - 4. Let i be y(6). What are the prime factors of i*(-1)/2*-26?
13
Let o = -26904 + 56895. What are the prime factors of o?
3, 13, 769
Suppose -1326067 = -177*r + 595*r - 29286923. List the prime factors of r.
2, 7, 2389
Let w be (-16)/10 + 2 + 19365/25. Let m = -435 + w. List the prime factors of m.
2, 5, 17
Let f(w) = 3*w**2 + 46*w + 158. What are the prime factors of f(-50)?
2, 3, 19, 47
Let y = 6725 - 2406. What ar